- -4 - -19 - (12 + -1).
-5
-22 - (-9 + -19 + 32) - 10
-36
Calculate (-72 + 69 - (0 - 4)) + -8 - 9.
-16
-29 - ((5 - -19) + -39)
-14
What is the value of 253 + -247 - (-3 + 7 + 1)?
1
What is 17 + 1 + -4 + 44 + -67?
-9
Evaluate -13 + -4 - (-7 - -20).
-30
What is 24 - (61 - (1 - -23))?
-13
What is the value of -8 + (-5 - (-4 + 2 + 3 + -9))?
-5
What is -4 - (2 + 8 + -7 + 7 - 19)?
5
Evaluate 2 + (11 - -3) + -15 + (-2 - -25).
24
Evaluate 1 - ((-2 - (7 + -9 + 4)) + -4).
9
-3 + (-5 - (0 - 3) - -7) + 2
4
15 - (2 + (12 - -9))
-8
What is -33 + 41 - (-4 + 2) - (-3 + 10)?
3
What is -16 - (-9 - (-8 + 0 + -19))?
-34
Calculate -11 + (-21 - -11) + -2 + 12 + 34.
23
Calculate 12 - (13 + -4) - -8.
11
Evaluate -5 - (4 + -11 + -1 + 2).
1
What is -13 + 0 - (-11 - (-13 - -7))?
-8
(6 - (-1 + -6 - -23)) + 30
20
9 - (44 + (0 - 5)) - -5
-25
-16 + (7 - 41) + 26
-24
What is the value of (23 + -4 - 4) + (-58 - -26)?
-17
What is the value of 17 + (-3 - 4 - (-5 - -7)) - -10?
18
Calculate (44 - 51) + -1 + 0 - -2.
-6
Evaluate -17 + (-9 - -2) + 0 + -42 + 51.
-15
What is the value of 11 + (113 - 113) + (-3 - -18)?
26
Calculate -15 + 5 - -3 - (-25 - -30).
-12
What is the value of 30 - (6 - (-34 + -13))?
-23
What is 4 - ((5 - 1) + 73 + -87 + -3)?
17
Evaluate 6 + 8 - (-102 + 118).
-2
-10 - ((7 - 1) + (3 - (7 - -20)))
8
What is the value of (-2 + 7 - 21) + -4 + 4 + 0?
-16
Evaluate -28 - -23 - 42 - -81.
34
What is (10 - (14 + -12)) + -22?
-14
What is the value of 51 + -44 + -1 + -15?
-9
What is -1 - 19 - (-485 - -452)?
13
What is -2 - 2 - (3 + 1 - (-1 + 11))?
2
What is the value of -5 - (-2 - (-7 + 9 + 1))?
0
What is 15 + -11 + 9 + -10?
3
Evaluate -4 - -12 - -9 - (1 + 0 + 3).
13
What is the value of (-5 - -3 - 5) + -17 + 19?
-5
(-27 + 7 - -9) + 17
6
4 + -19 + 2 - (-8 - (-10 + 7))
-8
(7 - (2 - 4)) + -9
0
Evaluate 117 + -106 + -9 + 5 + 17.
24
What is -29 - (1 + -12) - -43?
25
Evaluate 4 + -1 + 7 + (15 - 27).
-2
Calculate 3 + -10 + (8 - 5).
-4
Calculate 8 - 4 - (-9 + 3 + 0).
10
Calculate -8 - (0 - -8 - 10 - (-1 + -4)).
-11
What is (-5 - (2 + (-12 - -16) + 0)) + -10?
-21
What is -15 - (4 + -11 + -8)?
0
Evaluate 6 + (-38 - (-12 - 5)).
-15
-17 + 1 - (5 - (-43 - -44))
-20
2 + 8 + -22 - (1 + 0)
-13
1643 + -1636 - (17 + 0)
-10
What is the value of -11 + 24 + -9 - -8?
12
6 - (25 - (11 + -1))
-9
Evaluate 937 + -940 - (2 - -2 - (0 - -2)).
-5
Calculate -7 + -8 + 1 + -2 + 15 + -11.
-12
38 + -70 + 22 + (0 - 0) + 1
-9
What is the value of -3 + -5 + 11 + -7?
-4
Evaluate (-1 - -1) + -16 - -35.
19
What is the value of 7 + -7 + (-7 - 6)?
-13
What is the value of -1 + 11 - (16 - -1)?
-7
(1 + 1 - -16) + 8 + (-19 - -6)
13
Evaluate (5 - (23 + 0)) + -3 + 3 + 1.
-17
Evaluate 9 + -6 - (-1 - -3) - 1.
0
Evaluate (-7 - (-26 + 6)) + -3.
10
What is the value of -7 + -3 - -10 - 10?
-10
Calculate (-7 - 2) + 7 + (-4 - -17).
11
What is (-17 - 56) + 43 + 11?
-19
What is the value of (19 - 20) + 1 + 4 + 2 + 2?
8
Calculate -21 - (-17 - (-14 + 8)).
-10
Evaluate (-29 - -24 - -23) + -2 + -11.
5
216 + -197 + (0 - 0)
19
What is (105 - 79) + (0 - 7) - (-6 - -3)?
22
Calculate -3 - (5 - -20) - (-27 - -24).
-25
Calculate 31 - (4 + 6 - -12 - 13).
22
What is the value of 9 + (-33 + 9 - -5)?
-10
-240 - -240 - ((2 - 2) + 2 + -2)
0
Evaluate 3 + (42 + 31 - 40).
36
What is the value of (0 - 58) + -547 + 592?
-13
-3 - 3 - ((-5 - -11) + -7)
-5
What is -13 + 10 + 8 + (-3 - -3 - -4)?
9
What is the value of -1 + -7 + 21 + 46 + -53?
6
Calculate 3 - (4 - ((3 - (0 - 11)) + -8)).
5
What is the value of (-17 - (4 + -6)) + 4 + 0?
-11
(0 - (9 - (10 + -6 - 5))) + -6
-16
Calculate -5 + 43 + (84 - 89).
33
Evaluate (13 - 13) + 22 + -17.
5
Calculate 5 + (48 - 49) - (-1 + 1 + 18).
-14
What is 4 + (49 + -59 - (11 + 1))?
-18
-7 + 13 + -3 + 6 + (-35 - -37)
11
Evaluate 6 - (1 + 0 + 1 + (-365 - -364)).
5
7 + 1 + -19 + 8 + 16 + -6
7
Calculate 1 - (6 - (22 + -8 - (0 + 7))).
2
6 + (8 - 12 - 10)
-8
(-19 + 6 - 2 - (-4 + -5)) + -8
-14
Evaluate (30 - (52 - 21)) + -18.
-19
What is 20 + (3 - ((14 - 0) + -27 + 23))?
13
Calculate 0 + 6 + (-20 - (8 + -36 + 13)).
1
What is 7 + 0 - (22 + (-8 - 13))?
6
What is the value of (-3 - (-7 - (-21 - -2))) + 37?
22
(-1 - -40) + -69 + 19
-11
Calculate (1082 - 1078) + 0 + -17.
-13
What is -14 + (18 - (42 + -22))?
-16
Evaluate 21 + 5 + -4 - (-1 + 5).
18
Calculate 10 - 7 - (9 - -1) - -7.
0
What is the value of (-7 - 2) + (147 - 156) - -6?
-12
What is the value of -1 + (3 - 1) + 3 + (21 - 18)?
7
Evaluate -10 + 10 + (-7 - 1 - -2).
-6
Evaluate 3 - (16 - 27) - 9.
5
-17 - ((-23 - -14) + 5 + 10)
-23
(-118 - -110) + (0 + 1 - 2)
-9
What is the value of -24 + 17 - -9 - (-12 + 1) - 1?
12
-4 + -2 - (14 + -23) - (-13 - -9)
7
27 - (1 + -13 + (-80 - -81) + 4)
34
Evaluate -8 - (5 - (-9 - -48)).
26
Evaluate (-19 + 38 - 44) + 6 + 1.
-18
Evaluate (12 - 16) + 5 + 2 + -15.
-12
Calculate 3 + 6 - (28 + (15 - 22)).
-12
-107 + 47 + (46 - 13)
-27
What is the value of -2 + -8 + (-2 - -14) + -1?
1
Calculate 0 - -7 - (10 + -18 + (-10 - -19)).
6
Calculate 3 + (4 - -2) + (47 - 43).
13
What is 33 - (4 + (17 - 6))?
18
Calculate 0 + (8 + (-9 - 6) - -12) - 14.
-9
What is -12 + -15 + 20 + (-1 - 8)?
-16
What is the value of (1866 - 1813) + -42 + 1?
12
What is 11 + -7 + -4 + 12?
12
Calculate -7 - (-8 + (12 - 9 - 15)).
13
Calculate (17 - (-10 - -20) - (-9 - -8)) + -15.
-7
Evaluate (6 + -5 - 2) + 0 + 10 + -25.
-16
What is -10 + -20 + (-1 - -11) - -10?
-10
What is the value of (5 - (2 + 2 + 5)) + -10?
-14
Calculate (-20 - -20) + -20 - -13.
-7
Evaluate -7 + 44 - (-16 + 30) - 0.
23
What is the value of (14 - (26 + 14)) + 7?
-19
(-15 - -46) + -16 - -4
19
Evaluate 3 + (-19 - (-5 - 2)) + (4 - -5).
0
Evaluate (16 - 3) + 10 - 30.
-7
Evaluate (-20 + 0 - (-13 - -2)) + 1 + -1.
-9
Calculate 3 + 19 + -17 + -1 + (-3 - 0).
1
-8 + (2 - -2) - -2 - (-18 - -46)
-30
(0 - (0 + -4)) + (24 - (13 + 15))
0
Evaluate -228 + 254 - (3 + 12).
11
What is -8 + -1 + -1 - -8?
-2
14 + 1 - (336 - 309)
-12
14 - (26 - 67 - -37)
18
What is -152 - -120 - (-4 - 43)?
15
Evaluate -37 + 41 + 5 + -1 + -41.
-33
What is 3 - (7 + (6 - 8) + -2 + -4)?
4
Evaluate 15 + -2 + 1 - (25 + -10 + -13).
12
(-7 - -2) + 13 - 20 - -14
2
(12 - (12 - 7)) + -3 - 6
-2
What is the value of 1 + (37 - (2 + -1 + 12))?
25
Evaluate -2 + 3 - 17 - (-5 + 13 + -9).
-15
0 + 16 + 10 + (-5 - 10)
11
What is the value of (394 - 388) + (-2 - 31)?
-27
Calculate -7 - (-14 - 5 - -11).
1
(-11 + 8 - -9) + (-4 - 0) + 13
15
What is the value of (6 + 6 - 10) + -10?
-8
Evaluate -12 + (4 - 1) - ((7 - 33) + 2).
15
Calculate -1 - -22 - (13 - (13 + -8)).
13
Evaluate -8 - (-16 + -14) - -4.
26
Evaluate 5 + (-8 - (-7 - (4 - 3) - 24)).
29
Evaluate 8 - 16 - 7 - (1 + -2 - 5).
-9
Evaluate 8 - (9 - ((-3 - -14) + 3)).
13
Evaluate 3 + (-8 + -2 - -20 - 40).
-27
What is the value of -4 + (-5 - (-13 + -2 + 3 - -12))?
-9
Calculate 9 + -13 + 13 + -3.
6
Evaluate -27 + 70 - 29 - 2.
12
What is the value of (12 - 0) + -40 + 26?
-2
What is the value of (-4 - 14) + (96 - 66)?
12
What is the value of (-10 - -1 - (-30 + (-20 - -73))) + -1?
-33
Evaluate (-2 - (7 + (3 - 11) - -7)) + -26.
-34
What is (-6 - -2 - -18) + (0 + -12 - -1)?
3
Evaluate -13 + (48 - -1) + (-67 - -54).
23
Calculate -2 - (-3 + -3) - (21 - (20 - -9)).
12
What is the value of 0 + -2 + 2 + (3 - 11)?
-8
What is the value of 12 + (-32 - -15) - 3?
-8
Evaluate -3 - (4 - 14) - (-2 + -6 + 7).
8
Calculate (3 - (12 + 1)) + (-45 - -47) - -33.
25
Evaluate 60 + -39 + -27 - -1.
-5
Evaluate (34 - 19) + 41 - 29.
27
What is the value of -15 + 17 - (4 + (1 - -2))?
-5
Evaluate -11 + 3 + (7 - -4) - 8.
-5
What is the value of (-107 + 100 - (-6 + 0)) + 26?
25
Evaluate (-1 - 9) + 61 + -1 + 22 + -47.
25
What is the value of 12 + (-4 + 9 - 7 - 7 - -14)?
17
19 + -35 + (10 - (2 + 3 + -2))
-9
What is 20 + (-8 - 9) - -18?
21
-8 + (4 + (44 - 16) - 4)
20
-40 - (-8 + 19 + -4 + -25 + 9)
-31
What is the value of 25 + 4 - (-45 - -85)?
-11
What is -6 + (7 + 1 - (4 - 30 - -32))?
-4
Evaluate 34 - (-32 + 97) - -21.
-10
What is (7 - -7) + -5 + (-13 - (-3 + 1))?
-2
What is the value of (7 - (-1 + 1) - -1) + (4721 - 4717)?
12
What is the value of 9 - 7 - (-2 - ((-2 - 1) + -14))?
-13
What is the value of -13 + 2 + 8 + 1?
-2
Calculate (-19 - -3) + 8 + -26 + 26.
-8
(17 - 18) + (-7 - (-2 - -2))
-8
(15 - (-27 + 16)) + -3
23
What is the value of -18 + 4 + (-1 - -13)?
-